 2*d**2 - 10*d - 1. Let k(j) = j**2 - j. Suppose 0 = -6*w - 6 - 0. Let m(n) = w*o(n) + 3*k(n). What is m(-7)?
1
Let t = -13 + 22. Let a(w) = w - 7. Let l be a(t). Let h(d) = d - 12 + 1 + l + d**3. Give h(0).
-9
Let w(t) be the second derivative of -29*t**5/20 + t**4/6 - t**2/2 + 22*t. What is w(-1)?
30
Let w(o) = -15*o**2 + 26*o - 18*o + 4*o**2 + 8. Let x(z) = -5*z**2 + 4*z + 4. Let i(m) = 4*w(m) - 9*x(m). Give i(4).
-4
Suppose -5*k - 4*t = -0*t - 245, 0 = k - t - 40. Let d(q) = k*q - 86*q + 4 + 42*q. What is d(-5)?
-1
Suppose 66*j - 8 = 64*j. Suppose -6 = 4*a - 5*a + k, 5*k + 22 = -3*a. Let q(g) = -4 + a - g + 2. What is q(j)?
-5
Let i(y) be the first derivative of -2*y**3/3 + 4*y**2 - 5*y + 1628. Suppose -3*a = -7 - 8. Calculate i(a).
-15
Suppose -5*i - 2*b + 69 + 135 = 0, -5*b - 30 = -i. Suppose -15 = 5*w - i. Suppose g = -1 - w. Let m(n) = -n - 2. Calculate m(g).
4
Let i = 199 - 211. Let l(h) = h + 11. Determine l(i).
-1
Let n = 28 - 25. Suppose 4*v - 2*v - 4*w - 6 = 0, -12 = n*v + w. Let i(z) = z + 4. Determine i(v).
1
Let t(f) = -f + 12. Let p be t(8). Let b(l) = l**3 - l**2 - l. Let h(n) = n + 10*n**2 + 6 - 5*n**2 + 6*n**2 - 7*n**3. Let z(d) = -6*b(d) - h(d). Determine z(p).
-2
Let p = 9 + 4. Suppose -p*r = -9*r + 8. Let g(s) = -s**3 - 2*s**2 + s + 1. Calculate g(r).
-1
Let r(v) = v**3 - 5*v**2 - 3*v - 1. Let g be 147/63 + (-4)/(-6). Determine r(g).
-28
Let t(u) = -u**2 + 4*u**2 - 4*u**2 + 2. Suppose -15 = -5*b + 35. Suppose -b = 2*w, 0*w = 5*p + 5*w + 40. Give t(p).
-7
Suppose -5*f = -f - 3*g - 6, 3*g + 6 = -f. Let s = -3 + 5. Let x(a) = a**3 + a**s - a - 2*a + 2*a - 9. Calculate x(f).
-9
Let k(d) = -2 + 6 - 23 - 23 + 2*d + 0. What is k(18)?
-6
Let m(h) = 2*h**2 - 6*h. Let c be m(4). Suppose 0 = -5*f - 2*g + 10, 4*f + 6*g - g - c = 0. Let y(d) = 5*d - 2*d**f - 5*d. Determine y(2).
-8
Suppose -3*y + 124 = 5*k, 3*y + 36 = 4*k - 47. Suppose 2*f - 4*s = 3*f + 15, 3*f - k = 5*s. Let w(t) = -9 + 6*t - f - 8*t + t. What is w(-6)?
-4
Let u(y) = 2 - 2*y + y + 0. Let g = 97 - 152. Let t = 51 + g. What is u(t)?
6
Let o(u) be the first derivative of -u**3/3 + 3*u**2 - 7*u + 1. Let j = 313 + -307. Calculate o(j).
-7
Let d = -685/2 + 344. Let u(o) be the first derivative of 6*o - d*o**2 - 1 + 5/3*o**3 + 1/4*o**4. Calculate u(-6).
-12
Let x(h) = -2 + 2 - h. Let v be 168/60*15/6. Calculate x(v).
-7
Let x(z) = 27*z - 160. Let q(a) = -13*a + 80. Let n(t) = 5*q(t) + 2*x(t). What is n(7)?
3
Let f(o) = -3*o + 1. Let y(v) = -9*v + 4. Let r(l) = 7*f(l) - 2*y(l). Suppose -5*w + 11 = 26. Let t be ((-3 - 0) + 2)*w. Give r(t).
-10
Let m(q) be the third derivative of q**6/120 + q**5/12 - q**4/3 - 2*q**3/3 - q**2. Let u(t) = -t**2 - 44*t - 481. Let j be u(-19). Determine m(j).
8
Let g(h) be the second derivative of -5/6*h**3 + 3/2*h**2 - 1/12*h**4 + 0 + 32*h. What is g(-4)?
7
Let p(z) be the second derivative of -z**7/840 - z**6/360 + z**4/24 + z**3/2 - 33*z. Let o(x) be the second derivative of p(x). What is o(-2)?
5
Let m(b) be the third derivative of b**6/120 - b**4/24 - b**3 + 7*b**2 + 4. What is m(0)?
-6
Suppose -13 = 2*n + 4*m - 7, 5*n = 4*m + 41. Suppose -4*j - 3*c + 5 + 16 = 0, -j - 5*c = -18. Let y(w) = w + w**j - 3 + 4*w - 5*w**2 - 4*w. Give y(n).
2
Let n(v) be the first derivative of -v**3 + v**2 + 4*v + 457. What is n(-3)?
-29
Let i be 1/(15/9) + (-24)/(-60). Suppose 0 = b - 0*b - 3. Let s(v) = v**b - v - v**2 + v**2 + v**2. Give s(i).
1
Let n(v) = -3*v**2 + 17*v + 15. Let q(o) = 3*o**2 - 8*o - 7. Let u(z) = z**2. Let x(i) = q(i) - 2*u(i). Let w(f) = 2*n(f) + 5*x(f). What is w(-6)?
-5
Suppose -3*g - 4*i + 35 = 0, -2*g = 3*g + 3*i - 73. Let l = -16 + g. Let m(q) = -2*q**3 + 0*q**3 + 0*q**2 + 1 + 3*q**2 - 5*q**2. Give m(l).
-3
Suppose 2*w - 4*w = -10. Suppose -2*d + 39 = -w*d. Let v = d + 8. Let o(k) = -k + 2. What is o(v)?
7
Let h = 19 + 0. Suppose 3*w = -4 + h. Let p(l) = -l - 1. Give p(w).
-6
Let s(d) = -d + 5. Suppose -v = -0*v + 33. Let a = -27 + v. Let p be a/25*15/(-6). What is s(p)?
-1
Let z(u) = u**2 + 6*u + 2. Suppose k + 1 + 3 = 0, -2*m + 5*k + 8 = 0. What is z(m)?
2
Let n(x) = -x**2 - 6*x. Suppose -2*b + 8 = m, -3*b + 3*m + 5 = -7. Suppose -b*g - 44 = p - 6*p, g - 5*p = -26. Give n(g).
0
Let t(b) = 5*b**3 + 5*b - b**2 - 4*b**2 + 3 - 4*b**3. Let l = 751 + -747. Give t(l).
7
Let w = -9 - -12. Suppose 3 = o - w. Let i(a) = a - 7 + o - a**2 - a**3 + 0*a**3. Give i(-2).
1
Let m(w) = -2*w - 2. Let i be (22/12 + (-3)/6)*-9. Determine m(i).
22
Let m(q) = 6 - 64*q - 4 + 63*q + 10. Determine m(6).
6
Let p(i) = 189 - i - 380 + 190. Give p(3).
-4
Suppose 2*v = 3*l - 26, 5*v + 79*l = 81*l - 65. Let n(c) = c**3 + 14*c**2 + 15*c + 16. Calculate n(v).
-10
Let r(v) = 3*v + 2. Let y be r(-2). Let w = 81 - 76. Let o(q) = -w*q - 2*q**2 + 3 + 4*q**2 - 6*q**2 + 3*q**2. Determine o(y).
7
Let y(r) be the third derivative of r**6/120 - r**5/30 - r**3/2 - 12*r**2. Let z be y(3). Let v(m) = -3*m + 8. What is v(z)?
-10
Suppose -8*x = -2*x - 12. Suppose 0 = 3*n + t + 4*t - 13, -n = -x*t + 3. Let h(s) = 2*s. Determine h(n).
2
Let r(t) = t**2 - 3. Suppose 3*n - 4*s = -32, 5*n + 3*s = -2*s - 30. Give r(n).
61
Let u be -6 + 378/30 + (-2)/(-5). Let a(c) = 18 - 2 - 3*c - 6. What is a(u)?
-11
Suppose 6*u - 6 = 18. Suppose -4*c + h = 11, 0 = -c - 3*c - 4*h + u. Let z(b) = 6*b. Give z(c).
-12
Suppose 90 = -8*z + 23*z. Suppose 0 = 2*j + j + 4*f - 18, -j + 3*f = -z. Let p(x) = 5*x**2 - x**3 + 7*x - 4 + 0*x**2 - x. Determine p(j).
-4
Let v(d) = 39*d - 1. Suppose 4*k + 23*h = 25*h + 12, 3*k + 5 = -2*h. Give v(k).
38
Let v = 10 + -6. Let a(b) = v + 36*b - 37*b + 4. Calculate a(6).
2
Let q(k) be the second derivative of k**5/20 + 7*k**4/4 + 10*k**3/3 - k**2 + 9*k - 1. Determine q(-20).
-2
Suppose -8*z + 20 = -3*z. Let l(j) = 2*j + 7. Let u(p) = p + 6. Let w(g) = -3*l(g) + 4*u(g). Calculate w(z).
-5
Let b(d) = -11*d + 1. Let c(l) = 8*l + 1. Let w(p) = -4*b(p) - 5*c(p). What is w(7)?
19
Suppose -1535*l + 295 = -1476*l. Let x(h) = -13*h**2 + 7*h - 21. Let c(w) = 3*w**2 - 2*w + 5. Let i(g) = 9*c(g) + 2*x(g). Calculate i(l).
8
Let w(p) = 0 - 3*p**3 + 3*p + 3 + 0. Determine w(-2).
21
Let f(m) be the third derivative of m**6/120 - m**5/60 + m**4/12 + m**3 + 3*m**2 + 98. Determine f(0).
6
Suppose 0 = -0*g + 5*g + 120. Let q = g - -23. Let w(v) = -v + 9*v**2 + 9*v**2 - 1 - 6*v**2. Give w(q).
12
Let t(a) = 15*a - 2. Let b be t(1). Let d(g) = 4*g + 24 - b - 9. What is d(3)?
14
Let r(b) = 2 - 2*b**3 + b + 3*b**3 - 8*b + 4*b. Let m be ((-6)/12)/(3/6)*3. What is r(m)?
-16
Suppose -n + k - 51 = 6*k, 3*n + 2*k + 166 = 0. Let b = 63 + n. Let y(q) = q**2 - 5*q - 9. Determine y(b).
5
Let l(s) = s**3 - s**2 + s. Let u(r) = -12*r**3 + 3*r**2 - 6*r. Let g(o) = -5*l(o) - u(o). Give g(-1).
-6
Let c(l) = -l - 8. Suppose 11*q = -142 + 76. Calculate c(q).
-2
Let z(m) = 2*m - 3. Let j be (-22)/6 - (-4)/6. Let s = j + 0. Calculate z(s).
-9
Let v(i) be the second derivative of i**4/12 + i**3/6 + 13*i**2/2 + 16*i - 7. Calculate v(0).
13
Let f(x) be the first derivative of x**3 + x**2/2 - 18*x + 2. Let j(h) = 7*h**2 + 2*h - 37. Let v(c) = 9*f(c) - 4*j(c). Let y = 2 + -2. Determine v(y).
-14
Let h(q) = q**3 + 7*q**2 + 7*q + 3. Let z be h(-5). Suppose 13*x = 7*x + z. Let r(g) = -3*g + 4. Calculate r(x).
-5
Let f be (-75)/5*(-36)/10. Let j be (15/9)/((-3)/f). Let y = j - -34. Let d(k) = k**3 - 3*k**2 - k + 1. Calculate d(y).
13
Let j(u) = -7*u**2 - 1 + 2*u - u - 47*u**3 - 5*u + 48*u**3 - 8. Determine j(8).
23
Suppose 8 = -10*i + 14*i. Let f(m) be the first derivative of 0*m**2 + 0*m + i - 2/3*m**3. Calculate f(2).
-8
Let u(v) = v**3 - 2*v**2 + 3*v + 3. Suppose 0 = 2*b - 5*g + 9, -2*b + 3 = -g + 8. What is u(b)?
-19
Let n be 32/112 - (-4)/(-14). Suppose 9*z - 11*z = n. Let j(s) be the second derivative of s**3/6 + 9*s**2/2 + 2*s. Give j(z).
9
Let n(k) = k - 3. Let o(z) = 29*z - 3. Let j be o(-2). Let x = 55 + j. Calculate n(x).
-9
Let q(d) be the third derivative of d**4/8 + d**3/2 + 17*d**2. Suppose 3*h = -2*y + 31, -y + h + h = -5. Suppose 0 = b + 1, -3*o - 4*b = -2*b + y. Give q(o).
-6
Let q(v) be the second derivative of -v**5/20 - v**4/3 - 2*v**3/3 + v**2/2 + 6*v. Let l be q(-3). Let f(d) = -l - 5*d + d + d. What is f(-4)?
8
Let l(g) = 4*g**3 + 7*g**2 + 2*g + 2. Suppose 4*a - 4*n = -4, -4*n + 3*n = -4*a - 7. Ca